1)).
-17
Evaluate 9 + -22 + 6 + 16 - 0.
9
(11 - -27) + 210 + -231
17
Evaluate (12 - -65) + 16 + -47.
46
Calculate -4 - 6 - ((738 - 803) + (0 - -2) + -2).
55
What is (61 - -2) + (-315 - -262)?
10
What is -3 - (1 + 47 - -2)?
-53
What is -38 + -60 + 38 + 24?
-36
What is the value of -1 - 34 - (-74 + 80 - (-3 - 0))?
-44
Calculate 8 + 3 + -16 + 16 + -15 + -5.
-9
What is -1 + -58 - (115 + -27 + -90)?
-57
Calculate -37 + 1 - (1548 + -1560).
-24
Calculate 25 - (-64 + 85 + (-1 + 1 - 11)).
15
(-14 - 5) + (-147 - -144)
-22
-90 - (-5 - ((36 - 35) + -3))
-87
What is 291 + -311 + 31 + 3 - -28?
42
What is the value of (-31 - 37) + 21 + 126?
79
Evaluate (4 - -20 - 23 - 1) + (2 - 1) + 0.
1
124 - (-94 - -82) - 42
94
Calculate ((-13 - 93) + 20 - -28) + 36.
-22
Calculate (1 - 3) + 1 + 7 + (-111 - -70 - -53).
18
43 + -44 + (-2 - 27)
-30
Calculate 31 - 20 - (-8 + (-6 - -3 - -7)).
15
-10 + (31 - 33) + 28 - (0 - 75)
91
What is the value of 158 + -172 + (-11 - -58)?
33
Calculate -17 + -11 + -53 + 106.
25
32 + 22 + (-53 - -11) + -2
10
Calculate 10 + -10 + -20 - (-5 + 4 + -9).
-10
What is the value of (-6 - -76) + (-2524 - -2437)?
-17
-1 + -23 + -156 + 79 + 44
-57
What is the value of (20 - 13) + (60 - 31)?
36
What is 92 - (-5 - (30 + 14 + -56))?
85
What is the value of (3 + -4 - 0) + -225 + 220 + (1 - -61)?
56
Evaluate -4 + (4 - 2) + 0 + -1 + 12026 + -12089.
-66
Calculate (134 - 15) + -48 + -71.
0
Evaluate -1 + (-14 + (-28 - -52) - (-36 - 2)).
47
What is the value of 1 + 7 - (-52 + (143 - 73))?
-10
Evaluate -111 - -15 - -31 - 6.
-71
Evaluate 35 + (-38 - 54) + (-2 - 32).
-91
Evaluate 12 - ((382 - 386) + (3 + 0 - 3)).
16
14 + 19 + 7 + 2 + 6
48
What is -60 + 68 - (72 - 13 - -13)?
-64
What is -11 - (1 + 14 + -9 + -4 + 1 + -15)?
1
Calculate (2 + 15 - (-39 - -64)) + 3 + 1 + -20.
-24
What is the value of 11 + -5 + -11 + -33 + 95?
57
Evaluate 69 + -39 + -14 - (9 - 8 - -16).
-1
What is the value of -20 + (-36 - (-41 - -39))?
-54
What is the value of -680 + 584 - (-4 - -37)?
-129
What is (-5 - (0 - -10)) + 11 + -9?
-13
Evaluate 200 + -210 + -4 + 2 + -4 + -27.
-43
Calculate 1 + -74 - (-18 - 16) - 10.
-49
Calculate -23 - -11 - -12 - -13 - 26 - -7.
-6
Evaluate -52 - (-15 - 25) - -4.
-8
What is 36 - (0 + (13 - (-5 - 4 - (7 - 24))))?
31
(0 - 22) + (-257 - -294)
15
What is the value of -21 + (-9 + 27 - 3) - 32?
-38
What is 5 - -1 - ((-19 - -17) + 4 - -21)?
-17
Calculate (-1 - 27) + 24 - (-6 + (39 - (1 - 4))).
-40
What is (-20 - (-8 - (0 - 4))) + -3 - 5?
-24
13 + 16 + (0 - 35) + -8 + -18
-32
What is (-2 - -44) + (-233 - -208)?
17
What is the value of (2 - -6) + 2 - (115 - (5 - 8 - -3))?
-105
Evaluate -18 + 2 + 5 + 82 + -93.
-22
Calculate (-49 - -114) + -110 + 31.
-14
Evaluate (-2 - (3 - (-9 + (9 - 1)))) + (14 - 8).
0
Evaluate 51 - ((-15 - -5) + 18 + 6 - (7 + 3)).
47
Evaluate (-12 - (22 - (29 + -2))) + 2 + 51.
46
Calculate 12 + (17 - (1 - (4 - (14 + -10)))).
28
What is the value of (24 - (-8 - -59)) + 12 + -3 - 80?
-98
Evaluate -87 - (82 - 110 - 15).
-44
207 + -98 + -90 - (3 + 3)
13
What is (23 + -29 - (9 - 13 - 36)) + -10?
24
What is the value of 52 - (-348 - -334 - (-21 - 2))?
43
Calculate (-18 - 18) + 39 + 26 + -43.
-14
-15 + (0 - 2) - (-8 - (12 - -3))
6
What is 1952 + -2010 + (100 - 5)?
37
What is -5 + -1 + 1 - (-72571 - -72547)?
19
What is 100 + (119 + -119 - -2)?
102
Calculate (-10 - (7 - 12 - ((0 - -34) + 6))) + -5.
30
-1 + -4 - (39 - (0 + 3 + -1) - -8)
-50
What is the value of (-13 - 17 - -37) + -3?
4
What is the value of 8 + (10 - -3 - 64 - (4 + -1)) + 9?
-37
1 - (-8 - (6 - 1) - (4 - 78))
-60
What is the value of -21 + (-34 - (71 - 142))?
16
Evaluate -25 - (-20 - (-2 - (-4 + 6 - -6))).
-15
Calculate -5 + 10 + 31 + (14 - -3).
53
What is -22 - 22 - (42 - 125) - -6?
45
12 - (49 + 22 + (-8 - (4 - 0)) - -14)
-61
339 + -357 + (3 - -2 - (-1 + 8))
-20
34 + -1 - ((-27 - -7) + (121 - 91))
23
1 + -31 + 167 + -149 - (9 + -11 - -47)
-57
What is 5 + (67 - (96 + -85 - (0 + -3 + 10)))?
68
Calculate -13 + 6 + 15 - (59 - 54 - (0 - -72)).
75
What is (-51 - (-9 - -71)) + 115?
2
What is -12 + (85 + -2 + -20 + 24 - (-32 - -41))?
66
What is 119 - (22 + 42) - 33?
22
What is 14 + (-25 - (-8 - 41 - 4))?
42
Calculate -47 + 14 + 6 + -1 - (7 - (-11 - -11)).
-35
What is 69 - (-2 - -5) - (-17 + -16 - -19)?
80
What is (-14 - (10 - -22)) + 34?
-12
Evaluate 6 + (-52 - (25 + -24 + 14)).
-61
Evaluate -25 + -37 + 0 + 22.
-40
What is -89 + 44 + -10 + (-1 + 3 - 12) + 9?
-56
Evaluate 1 + 1 - (-12 + 29 + (-2 - 2)).
-11
What is (-27 - -46) + -23 + 19 + -8?
7
What is the value of -15 + (-31 + -2 - -33 - (-1 + -17))?
3
Calculate -43 - (-55 + 105 - 123).
30
Calculate -30 + 7 - -90 - 86.
-19
What is 14 - (2 - -2) - (5 + 5 - -4)?
-4
-11 + 34 + (21 - 22) - -9
31
What is the value of 12 + (7 - 13) + (-6 - -2) + -7 + -41?
-46
What is the value of (-8 - -6 - -9) + -15 + 13 - -35 - 12?
28
What is the value of 699 + -705 - (-1 + (42 - 1))?
-46
What is the value of 35 - (-35 + 52) - 61?
-43
What is 96 - (65 + -9) - (-1 - -157)?
-116
What is (-1 - 36) + (-39 - -21 - -13) + 6?
-36
What is -16 + -35 + (-250 - -262) + (-21 - 2)?
-62
Calculate -13 + (2 - 8 - (34 + -33 + 13)).
-33
0 + -19 - (696 - 744)
29
Calculate (-181 - -216) + (-6 - (59 + 2)).
-32
What is the value of -76 + 53 + 6 - -59?
42
What is the value of (-43 - (-30 + -3)) + -30?
-40
What is 80 + -89 + (62 - -27)?
80
Evaluate 43 + 1 - (-127 - (262 - 277)).
156
What is the value of 12 + -24 - (17 - 42 - -74)?
-61
What is 12 + -6 + 23 + -2 + -20 + 26?
33
What is the value of (-70 + 6 - -20) + -13?
-57
Evaluate (-4 - 8) + -10 + (13 - 4) + -5.
-18
What is the value of -14 + -3 + ((-5 - 0) + 0 - -4)?
-18
12 + (-84 - (-11 + (15 + -5 + -12 - -13)))
-72
Evaluate 2 - (11 + -1) - ((-7 + -16 - -38) + -46).
23
Evaluate 53 - (21 - (-12 - -34) - (-1 + -25) - 13).
41
19 + -2 + (-5 - -25) - -2
39
Calculate (-8 - 42) + (-13 + -17 + 31 - (0 + -3)).
-46
Evaluate 7 - (-14 - (-16 + -9)) - -67.
63
Calculate -1 - (12 - 8) - (-38 - (6 - 7)).
32
What is the value of (0 - 5) + (-44 - (18 + -37))?
-30
Evaluate (-22 - (8 - (224 - 40))) + -31.
123
(16 - -4) + 4 + 40 + -54 + 26
36
What is the value of -3 - (27 - ((8 - 41) + 13))?
-50
What is the value of (301 + -317 - (79 - 1)) + (-1 - (-14 - 2))?
-79
8 + (-4 - (-90 - (-10 - (-9 + 18))))
75
Calculate (13 + 111 - -7) + -47.
84
Evaluate 16 - ((1 - -28) + (-5 - -3 - -24)).
-35
64 + -25 + (-3 - 21)
15
24 + (9 - 0 - (3 + -8 + 7))
31
What is the value of (2 + -2 - 6) + 6 - (-1192 - -1110)?
82
28 - (73 + (65 - 57))
-53
What is ((16 - (10 + 11)) + -10 - -54) + 2?
41
(0 - -6) + 20 + -77
-51
Calculate 30 + 44 + (-5 - 78).
-9
Calculate (-56 - -145) + (-80 - -45).
54
What is the value of 65 - ((-29 - 8) + -42)?
144
Evaluate 33 - -1 - (-13 + 12 - 7 - (54 - 48)).
48
(7 - (2 + -1)) + (-5 - (9 - -1)) + -27
-36
-53 + (44 - (-2 - -26)) + 24
-9
Calculate 61 - (41 - (-18 + 70 + -32)) - (0 - -2).
38
Calculate 2 + 58 + (1012 - 1111).
-39
What is (0 - 14 - (39 + -46)) + (-3 - 1 - -33)?
22
Calculate -93 - -1 - (1854 - 1818) - -15.
-113
What is the value of 49 + -30 + (-54 - -21)?
-14
Evaluate -36 - (21 - 71) - (1 + -17).
30
-18 + (3 - -3 - (-50 - -43))
-5
Evaluate -105 + -1 - (2 + (-20 - -19) + -2).
-105
What is the value of -6 + 23 - 42 - (8 - -1)?
-34
What is -7 + (-17 - -2) + 23?
1
What is the value of (112 - 163 - -84) + -169?
-136
Calculate -12 + (-26 - (-46 + 50 - (1 - -22))).
-19
Calculate 5 + (-5 - 13) - -5 - (-3 - -38 - 1).
-42
Calculate -4 + 1 + (36 - (12 - (0 - 7))) + 4.
18
What is -42 - (-1 - 0) - (279 - (-172 + 433))?
-59
(-44 - -24) + -26 + -60
-106
Evaluate -23 + -3 - -3 - (1062 - 1132).
47
-15 + -1 - (-106 - -126 - -14)
-50
What is -13 - (-8 + 2 - (15 - 38) - -3)?
-33
Evaluate 245 - 236 - (-1 + (-56 - 5) + -1 + 0).
72
What is -43 + -39 - -101 - -4?
23
Evaluate (22 - (3 + 6 + -5)) + (-29 - (17 + -47)).
19
Evaluate (-5 + -2 - (-3 + -6 - 142)) + (-1 - 12).
131
Evaluate 69 - 1 - (48 + -30) - 19.
31
Calculate -64 + 13 - (-21 + -8 + 23).
-45
3 + (2 - (2 + 1) - (-93 + 0 + 1))
94
Calculate (-32 - (-12 - 13)) + (-2 - -4 - -1) + -13.
-17
What is the value of 6 + (25 - 25) + -22 - 63?
-79
1 - 33 - (-2 - 19)
-11
-8 + (-10 - -35) + -7 - -2 - (28 + 76)
-92
4 + (-90 - -50) + 46
10
Calculate 30 + (-1 + 23 - (-340 + 354)).
38
0 + -88 + 414 + -418 - -30
-62
What is (27 - 88) 